{"id":863,"date":"2022-09-22T21:45:12","date_gmt":"2022-09-23T00:45:12","guid":{"rendered":"https:\/\/isfd241-bue.infd.edu.ar\/sitio\/?page_id=863"},"modified":"2024-02-23T19:53:22","modified_gmt":"2024-02-23T22:53:22","slug":"profesorado-de-ingles","status":"publish","type":"page","link":"https:\/\/isfd241-bue.infd.edu.ar\/sitio\/profesorado-de-ingles\/","title":{"rendered":"Profesorado de Ingl\u00e9s"},"content":{"rendered":"\n<div class=\"wp-block-cover is-light\"><span aria-hidden=\"true\" class=\"wp-block-cover__background has-luminous-vivid-amber-background-color has-background-dim\"><\/span><img decoding=\"async\" loading=\"lazy\" width=\"1131\" height=\"708\" class=\"wp-block-cover__image-background wp-image-872\" alt=\"\" src=\"https:\/\/isfd241-bue.infd.edu.ar\/sitio\/wp-content\/uploads\/2022\/09\/Logo-Ingles-e1663955985141.jpeg\" style=\"object-position:37% 65%\" data-object-fit=\"cover\" data-object-position=\"37% 65%\" srcset=\"https:\/\/isfd241-bue.infd.edu.ar\/sitio\/wp-content\/uploads\/2022\/09\/Logo-Ingles-e1663955985141.jpeg 1131w, https:\/\/isfd241-bue.infd.edu.ar\/sitio\/wp-content\/uploads\/2022\/09\/Logo-Ingles-e1663955985141-1000x626.jpeg 1000w, https:\/\/isfd241-bue.infd.edu.ar\/sitio\/wp-content\/uploads\/2022\/09\/Logo-Ingles-e1663955985141-768x481.jpeg 768w\" sizes=\"(max-width: 1131px) 100vw, 1131px\" \/><div class=\"wp-block-cover__inner-container\">\n<p class=\"has-black-color has-text-color\" style=\"font-size:50px\"><strong><em><strong>Profesorado de Ingl\u00e9s<\/strong><\/em><\/strong><br><\/p>\n\n\n\n<p class=\"has-black-color has-text-color has-large-font-size\"><strong>T\u00edtulo: Profesor\/a de Ingl\u00e9s<\/strong><\/p>\n<\/div><\/div>\n\n\n\n<p><strong>Duraci\u00f3n<\/strong><\/p>\n\n\n\n<p>4 a\u00f1os<\/p>\n\n\n\n<p><strong>Plan de estudios<\/strong><\/p>\n\n\n\n<p>Resoluci\u00f3n 1860\/17<\/p>\n\n\n\n<p>Para conocer el Dise\u00f1o completo, ingresar al siguiente <a href=\"https:\/\/isfd241-bue.infd.edu.ar\/sitio\/wp-content\/uploads\/2022\/10\/Diseno-Curricular-Prof-de-Ingles.pdf\">enlace<\/a><\/p>\n\n\n\n<p><strong>Turno<\/strong><\/p>\n\n\n\n<p> Vespertino<\/p>\n\n\n\n<p>Las Pr\u00e1cticas Docentes se realizan en contraturno (ma\u00f1ana o tarde)<\/p>\n\n\n\n<p>CUFBA<\/p>\n\n\n\n<p>Con el fin de posibilitar la adquisici\u00f3n de las competencias requeridas para el ingreso en la Carrera, se desarrollar\u00e1 un Curso de Formaci\u00f3n B\u00e1sica previsto con la duraci\u00f3n de un Ciclo Lectivo y con una carga horaria de ocho (8) horas reloj semanales, dividido en dos d\u00edas, con carga horaria de 4 m\u00f3dulos<\/p>\n\n\n\n<p>Podr\u00e1n incorporarse en este curso aquellos aspirantes que hayan completado el Nivel Secundario o est\u00e9n terminando el \u00faltimo a\u00f1o. <\/p>\n\n\n\n<p>Para mayor informaci\u00f3n dirigirse al siguiente <a rel=\"noreferrer noopener\" href=\"https:\/\/isfd241-bue.infd.edu.ar\/sitio\/cufba\/\" target=\"_blank\"><strong>enlace<\/strong><\/a><\/p>\n\n\n\n<p><\/p>\n\n\n\n<hr class=\"wp-block-separator has-css-opacity\"\/>\n","protected":false},"excerpt":{"rendered":"<p>Duraci\u00f3n 4 a\u00f1os Plan de estudios Resoluci\u00f3n 1860\/17 Para conocer el Dise\u00f1o completo, ingresar al siguiente enlace Turno Vespertino Las Pr\u00e1cticas Docentes se realizan en contraturno (ma\u00f1ana o tarde) CUFBA Con el fin de posibilitar la adquisici\u00f3n de las competencias requeridas para el ingreso en la Carrera, se desarrollar\u00e1 un Curso de Formaci\u00f3n B\u00e1sica previsto &#8230; <a title=\"Profesorado de Ingl\u00e9s\" class=\"read-more\" href=\"https:\/\/isfd241-bue.infd.edu.ar\/sitio\/profesorado-de-ingles\/\" aria-label=\"M\u00e1s en Profesorado de Ingl\u00e9s\">[+]<\/a><\/p>\n","protected":false},"author":11,"featured_media":0,"parent":0,"menu_order":0,"comment_status":"closed","ping_status":"closed","template":"","meta":[],"acf":[],"_links":{"self":[{"href":"https:\/\/isfd241-bue.infd.edu.ar\/sitio\/wp-json\/wp\/v2\/pages\/863"}],"collection":[{"href":"https:\/\/isfd241-bue.infd.edu.ar\/sitio\/wp-json\/wp\/v2\/pages"}],"about":[{"href":"https:\/\/isfd241-bue.infd.edu.ar\/sitio\/wp-json\/wp\/v2\/types\/page"}],"author":[{"embeddable":true,"href":"https:\/\/isfd241-bue.infd.edu.ar\/sitio\/wp-json\/wp\/v2\/users\/11"}],"replies":[{"embeddable":true,"href":"https:\/\/isfd241-bue.infd.edu.ar\/sitio\/wp-json\/wp\/v2\/comments?post=863"}],"version-history":[{"count":6,"href":"https:\/\/isfd241-bue.infd.edu.ar\/sitio\/wp-json\/wp\/v2\/pages\/863\/revisions"}],"predecessor-version":[{"id":1109,"href":"https:\/\/isfd241-bue.infd.edu.ar\/sitio\/wp-json\/wp\/v2\/pages\/863\/revisions\/1109"}],"wp:attachment":[{"href":"https:\/\/isfd241-bue.infd.edu.ar\/sitio\/wp-json\/wp\/v2\/media?parent=863"}],"curies":[{"name":"wp","href":"https:\/\/api.w.org\/{rel}","templated":true}]}}