{"id":1027,"date":"2023-03-09T20:47:56","date_gmt":"2023-03-09T23:47:56","guid":{"rendered":"https:\/\/isfd241-bue.infd.edu.ar\/sitio\/?page_id=1027"},"modified":"2026-02-19T23:10:16","modified_gmt":"2026-02-20T02:10:16","slug":"equivalencias","status":"publish","type":"page","link":"https:\/\/isfd241-bue.infd.edu.ar\/sitio\/equivalencias\/","title":{"rendered":"Equivalencias"},"content":{"rendered":"\n<ul>\n<li>Original y fotocopia de DNI<\/li>\n\n\n\n<li>T\u00edtulo y\/o constancia de materias aprobadas<\/li>\n\n\n\n<li>Completar <a href=\"https:\/\/isfd241-bue.infd.edu.ar\/sitio\/wp-content\/uploads\/2025\/03\/A14-Equivalencia-resumen.pdf\" data-type=\"URL\" data-id=\"https:\/\/isfd241-bue.infd.edu.ar\/sitio\/wp-content\/uploads\/2025\/03\/A14-Equivalencia-resumen.pdf\" target=\"_blank\" rel=\"noreferrer noopener\">Planilla resumen<\/a> y <a href=\"https:\/\/isfd241-bue.infd.edu.ar\/sitio\/wp-content\/uploads\/2025\/03\/A14a-Equivalencias-por-asignatura.docx\" data-type=\"URL\" data-id=\"https:\/\/isfd241-bue.infd.edu.ar\/sitio\/wp-content\/uploads\/2025\/03\/A14a-Equivalencias-por-asignatura.docx\" target=\"_blank\" rel=\"noreferrer noopener\">planilla por asignatura<\/a><\/li>\n\n\n\n<li>Programas debidamente certificados. <\/li>\n<\/ul>\n\n\n\n<p>Estos requisitos deber\u00e1 presentar de manera presencial, en la fecha y horario establecidos:<\/p>\n\n\n\n<p class=\"has-large-font-size\"><mark style=\"background-color:rgba(0, 0, 0, 0)\" class=\"has-inline-color has-contrast-color\"><strong style=\"background-color: rgb(238, 203, 248);\">Del <\/strong><\/mark><mark style=\"background-color:#eecbf8\" class=\"has-inline-color has-contrast-color\"><strong>16\/03 al 30\/04<\/strong><\/mark><mark style=\"background-color:#eecbf8\" class=\"has-inline-color has-contrast-color\"><strong>, de 18:30 a 20:00 hs<\/strong><\/mark><\/p>\n\n\n\n<p><\/p>\n\n\n\n<p>Deber\u00e1 cursar la Unidad Curricular cuya aprobaci\u00f3n solicita por equivalencia, hasta tanto se le confirme fehacientemente que se le otorg\u00f3 lo solicitado.<\/p>\n","protected":false},"excerpt":{"rendered":"<p>Estos requisitos deber\u00e1 presentar de manera presencial, en la fecha y horario establecidos: Del 16\/03 al 30\/04, de 18:30 a 20:00 hs Deber\u00e1 cursar la Unidad Curricular cuya aprobaci\u00f3n solicita por equivalencia, hasta tanto se le confirme fehacientemente que se le otorg\u00f3 lo solicitado.<\/p>\n","protected":false},"author":11,"featured_media":0,"parent":0,"menu_order":0,"comment_status":"closed","ping_status":"closed","template":"","meta":[],"acf":[],"_links":{"self":[{"href":"https:\/\/isfd241-bue.infd.edu.ar\/sitio\/wp-json\/wp\/v2\/pages\/1027"}],"collection":[{"href":"https:\/\/isfd241-bue.infd.edu.ar\/sitio\/wp-json\/wp\/v2\/pages"}],"about":[{"href":"https:\/\/isfd241-bue.infd.edu.ar\/sitio\/wp-json\/wp\/v2\/types\/page"}],"author":[{"embeddable":true,"href":"https:\/\/isfd241-bue.infd.edu.ar\/sitio\/wp-json\/wp\/v2\/users\/11"}],"replies":[{"embeddable":true,"href":"https:\/\/isfd241-bue.infd.edu.ar\/sitio\/wp-json\/wp\/v2\/comments?post=1027"}],"version-history":[{"count":5,"href":"https:\/\/isfd241-bue.infd.edu.ar\/sitio\/wp-json\/wp\/v2\/pages\/1027\/revisions"}],"predecessor-version":[{"id":1312,"href":"https:\/\/isfd241-bue.infd.edu.ar\/sitio\/wp-json\/wp\/v2\/pages\/1027\/revisions\/1312"}],"wp:attachment":[{"href":"https:\/\/isfd241-bue.infd.edu.ar\/sitio\/wp-json\/wp\/v2\/media?parent=1027"}],"curies":[{"name":"wp","href":"https:\/\/api.w.org\/{rel}","templated":true}]}}